f z.
1291
Suppose 0 = 5*d + 4*v - 144 - 639, v = -3. Let a = d + -47. List the prime factors of a.
2, 7
Let c(s) = s - 5. Let i be c(5). Suppose i = 5*w - 152 - 88. List the prime factors of w.
2, 3
Let c = -19 + 11. Let f be c/(-4) + 1*38. Suppose -2*h - 2 + f = 0. List the prime factors of h.
19
Suppose 117 = 3*g - 15. Let m = g - 20. What are the prime factors of m?
2, 3
Let y(l) = l**2 - 11*l + 13. Let n be y(10). Suppose -n*j - 4 = -2*j, -2*j - 290 = -2*m. List the prime factors of m.
3, 47
Let n = 6 + -4. Let s(l) = l**2 + 7*l + 42. Let c be s(-5). Suppose -2*x = -0 - 2, -n*k - 2*x + c = 0. What are the prime factors of k?
3, 5
Suppose -2*s = 2*s - 8, 5*n + 2*s + 11 = 0. Suppose 16 = 4*f + 40. Let h = n - f. List the prime factors of h.
3
Let a(w) = -2 - 3*w**2 + 2*w**2 + 3*w**2 + 5. Let o be a(0). Suppose 3*i - 96 = -o*k, -2*k - 10 = 5*i - 173. List the prime factors of i.
3, 11
Suppose -5*g + 2*t + 550 = 0, g + 0*g + 3*t - 127 = 0. Suppose -26 = z - g. Suppose 3*y - 44 = 5*v, -2*y - 3*y = -2*v - z. What are the prime factors of y?
2, 3
What are the prime factors of ((-2325)/(-315) + 2/7)*63?
3, 7, 23
Let m be (-1)/3 + 50/6. Let b = 10 - m. List the prime factors of ((-6)/9)/(b/(-81)).
3
Let j(f) = -f**3 + 19*f**2 + f - 24. List the prime factors of j(18).
2, 3, 53
Suppose -9*s = -5*s - 508. List the prime factors of s.
127
Let m(k) = -2*k**2 - 15*k. Let h be m(-11). Let i = 123 + h. Suppose -2*r + i = -36. What are the prime factors of r?
41
Let d = 2 - -1. Suppose -h + d = 7. What are the prime factors of 116/12 - h/(-6)?
3
Let u(d) = -9*d + 3. Let b be u(-3). Let p be (-1 + -3*1)*(-25)/(-2). List the prime factors of b/p + 33/5.
2, 3
Suppose 4*o + 2241 = 5*i, 3*i + 4*o - 1800 = -i. List the prime factors of i.
449
Let d be 4/(64/21 - 3). Let y = d - 60. Let z = y + -5. List the prime factors of z.
19
Let q(c) = 9*c**2 + 12*c + 68. What are the prime factors of q(-11)?
5, 41
Suppose w - i = 182 - 30, w - 5*i = 168. What are the prime factors of w?
2, 37
Let j(p) = 0*p**2 - 4*p + 0 + 18*p + 6*p**2 + 5. Let o(w) = -5*w**2 - 13*w - 6. Let y(s) = -4*j(s) - 5*o(s). List the prime factors of y(-9).
2, 5
Suppose u + 5*a + 48 = 0, -4*a + 324 = -5*u - a. What are the prime factors of 3*174/u*-7?
2, 29
Let y be (4 - 2)*45/10. Let o be -2 + 1 + y - 4. Suppose -5*s - z - z + 203 = 0, 0 = 3*s - o*z - 101. What are the prime factors of s?
3, 13
Let d(c) = -81*c + 7. Let y be d(-4). Let t = y - 193. What are the prime factors of t?
2, 3, 23
Let f be (1 - 4)/(-6)*(-2 - -2). List the prime factors of 1/((f - -3)*(-2)/(-606)).
101
Suppose -2*s = x + 1 - 2, 2*s = -6. Suppose -11 = -4*z - x. Suppose 5*p - 4*l = l + 190, -z = -l. List the prime factors of p.
3, 13
Let r(g) = -120*g + 108. List the prime factors of r(-15).
2, 3, 53
Suppose 8*k - 4*k - 1536 = 0. List the prime factors of k.
2, 3
Let g(z) be the third derivative of z**5/30 + 7*z**4/24 + z**3/2 + 8*z**2. What are the prime factors of g(-5)?
2, 3
Let p(x) = 37*x**2 + 6*x - 38. Let a be p(-8). What are the prime factors of a/18 + (-20)/(-90)?
127
Let o = 638 - 131. List the prime factors of o.
3, 13
Let f(o) = 3*o**2 + 16*o + 7. Let d(n) = n**2 + 5*n + 2. Let k(t) = 17*d(t) - 6*f(t). What are the prime factors of k(-9)?
2, 5
Suppose -46 = -5*g - 4*m, 4*m = 2*g + 4 - 0. Let v(h) = 2*h**2 - 8. Let a be v(g). Let y = -43 + a. What are the prime factors of y?
3, 7
Let m = -507 - -738. What are the prime factors of m?
3, 7, 11
Let z be 14/(-98) - 358/(-7). Suppose -663 = -4*b - z. What are the prime factors of b?
3, 17
Let c(i) = i**3 - 3*i**2 - i - 4. Let f be c(4). Let x = f - 5. Suppose -x*l + 76 = -35. What are the prime factors of l?
37
Let p be 624/(-21) + 2/(-7). Let g = 32 + p. Suppose -3*v + 0*v = -2*w + 117, -3*w = -g*v - 188. What are the prime factors of w?
2, 3, 11
Let j(v) = 104*v - 55. What are the prime factors of j(20)?
3, 5
Suppose 3*s + 2*s + 80 = 0. Suppose 0*t - 4*t - 104 = 0. Let j = s - t. List the prime factors of j.
2, 5
Let z(u) = -5*u**3 - 3*u**2 + 8*u - 7. Let v be z(3). Let m = v - -278. What are the prime factors of m?
7, 19
Let j be 6/4 + 9/6. Suppose j*b = 49 - 7. What are the prime factors of (-8)/(-5 + 1)*b?
2, 7
Suppose 0 = 2*z - z - 5*c - 181, -3*c + 849 = 5*z. Suppose 4*m - 4*x - z = -9*x, 36 = m - x. Suppose 13 = 4*a - m. List the prime factors of a.
13
Suppose -10*i + 90 = -8*i. Let h(a) = -a + 22. Let v be h(0). Let u = i + v. List the prime factors of u.
67
Suppose -392 = -16*g + 12*g. Let z = 207 - g. List the prime factors of z.
109
Let g(d) = d**2 - d + 1. Let q(u) = -2*u**2 - 4*u**2 - 9 + 3 + 14*u. Let l(a) = 8*g(a) + q(a). List the prime factors of l(-5).
2, 11
Let b(p) be the first derivative of p**4/4 + 5*p**3/3 - 2*p**2 + 15*p - 4. List the prime factors of b(-5).
5, 7
Suppose 13 - 45 = -8*s. Suppose 2*o - 4*o - 3*t + 132 = 0, -t + s = 0. What are the prime factors of o?
2, 3, 5
Let q = -78 + 82. Suppose 40 = -q*i + 8*i. List the prime factors of i.
2, 5
Let l(w) = -263*w - 1. Let k be l(-1). Suppose 0 = 5*x - 3*n - k - 488, -5 = -n. Suppose -2*z = -x + 5. What are the prime factors of z?
2, 37
What are the prime factors of -4162*1/(-2) - 0/(-15)?
2081
Suppose 5*h - 3*g = 34, -4*g - 6 = -5*h + 31. Suppose -90 + 20 = h*r. Let t = 29 + r. List the prime factors of t.
3, 5
List the prime factors of (-614274)/148*(1/3 + -1).
2767
Suppose -r + 492 = 2*r + 2*h, 498 = 3*r + 4*h. What are the prime factors of 3 + r + 1 + -5?
7, 23
Suppose -3*f - 5*k + 2059 = 0, -4*f + 5*k + 2687 = -0*f. What are the prime factors of f?
2, 3, 113
Suppose -3*s + 7 = 1. Suppose 22 = -4*u - s. What are the prime factors of (-20)/60 + (-236)/u?
3, 13
Let q(p) = -19*p + 2. Let r(n) = 2*n + 5. Let i(v) = -2*v - 4. Let o(z) = -5*i(z) - 4*r(z). Let u(k) = -18*o(k) - 2*q(k). List the prime factors of u(6).
2
Let j(n) = n**2 - 9*n + 3. Suppose 44 = 3*c + 17. Let v be j(c). Suppose -4*s - 5*t + 28 = -109, 0 = 3*t - v. List the prime factors of s.
3, 11
Let g = 3 - 11. What are the prime factors of (-488)/g + 3*1?
2
Suppose 0 = -6*i - 3*i + 1953. What are the prime factors of i?
7, 31
Suppose -k - k + 14 = u, 2*u - 2*k - 58 = 0. Suppose -4*j = -8*j + u. Suppose -j*c + 157 - 19 = 0. What are the prime factors of c?
23
Let o(z) = z**2 - 1 + 3 - 8*z + z. Let r be o(7). Suppose -a = -n - 2 - 0, 4 = r*a + n. What are the prime factors of a?
2
Let h = -614 + 1094. List the prime factors of h.
2, 3, 5
List the prime factors of 12/(-246) + (-297690)/(-615).
2, 11
Let a(z) be the third derivative of -z**5/60 + z**4/8 + 7*z**3/3 - 5*z**2. Let g be a(-6). Let l = -26 - g. List the prime factors of l.
2, 7
Suppose 0 = 6*s - 2*s + 372. Let p = s - -135. List the prime factors of p/8 - 3/12.
5
Suppose 0 = -6*f + 2*f - 4, -9 = -h + 5*f. Suppose 3*a - h = 2. List the prime factors of 0 - 3 - (a + -36).
31
Suppose 2*q - 4035 = -5*t, -t - 5*q + 535 = -295. List the prime factors of t.
5, 7, 23
Let m(y) = -150*y - 126. List the prime factors of m(-13).
2, 3, 19
Let d(n) = 3*n - 3*n + 3*n - 7 - 4*n. Let q be d(-8). Suppose 0 = c - 24 - q. What are the prime factors of c?
5
Suppose 0 = 3*c - 2*q - 18, -c + 4*c - q - 15 = 0. Suppose 4*o = -0*o + 36. What are the prime factors of (0 - c)/((-6)/o)?
2, 3
Suppose -112699 = -78*l + 14597. List the prime factors of l.
2, 3, 17
Let s(k) = -k**3 - 6*k**2 + 4*k + 8. Suppose -24 = 13*m - 9*m. Let c be s(m). What are the prime factors of 94/8 - 4/c?
2, 3
Suppose -f - 3*f + 72 = -4*i, 0 = -3*i - 3*f - 84. Let a = 259 - 269. Let u = a - i. List the prime factors of u.
13
Suppose -2*w + 2*n - 4 = -3*w, -2*w + 4*n + 32 = 0. What are the prime factors of w?
2, 5
Suppose 5 = -o, o + o - 84 = -h. Let w = -32 + h. List the prime factors of w.
2, 31
Let p(d) = d**2 + 3*d + 4. Let f(w) = -w**2 - 2*w - 2. Let j(q) = 5*f(q) + 3*p(q). Let x be j(1). What are the prime factors of (0 - 1)/x - -67?
2, 17
Let x = 8182 + -4518. What are the prime factors of x?
2, 229
Let l be 920/(-50) + 2/5. Let n = l - -22. Suppose f + 104 = 5*u - 3*f, -2*u + 64 = n*f. What are the prime factors of u?
2, 3
Let y(d) = 10*d**2 + 2*d. Let n be y(-1). Suppose 5*c = -n*w + 5*w + 278, 4*c - 225 = -5*w. List the prime factors of c.
5, 11
Suppose -4*l - 4*o = -2497 - 7391, o + 1 = 0. What are the prime fac